of k?
3, 13
Let q(g) = 8 + 6 + 10 + 25*g - 20. List the prime factors of q(8).
2, 3, 17
Suppose -7*o + 226 = -698. List the prime factors of o.
2, 3, 11
Suppose -3*n - 2*l = -16072 - 3777, -l - 26458 = -4*n. List the prime factors of n/30 + 3/4*-2.
3, 73
Let f be ((-66)/55)/(4/(-30)). Suppose -7 - f = -2*j. List the prime factors of j.
2
What are the prime factors of (-3 - -1)/(21455/(-7147) - -3)?
1021
Let o = -2 + 268. List the prime factors of o.
2, 7, 19
Suppose -4*w + 1235 = -561. What are the prime factors of w?
449
Let v(l) = l**2 + 11*l + 2. Let j be v(-11). Let h be ((-48)/20 + j)*-20. Suppose d - 7 = 2*p, 2*p = -h*d + 3*d + 47. List the prime factors of d.
3
Let j(q) = q**3 - 11*q**2 - 23*q + 58. List the prime factors of j(15).
613
Let v be ((0 - 1) + 1)/(-1). Let k = 8 + v. Suppose 0 = -k*q + 3*q + 70. What are the prime factors of q?
2, 7
Let r = -30 + 15. Let n = r + 14. List the prime factors of n*(-40 - (-1 + -2)).
37
Let v = -78 + 96. Suppose 9*d + v = 1557. What are the prime factors of d?
3, 19
Let t(b) = -14*b - 34. Let a be t(6). Let r = a + 184. What are the prime factors of r?
2, 3, 11
Suppose i - 258 + 1109 = 3*g, 5*g - 1415 = 5*i. Suppose -10*s = -1844 + g. List the prime factors of s.
2, 3, 13
Suppose -4*r - 9 = y, -3*r = -3*y - 0*y + 3. Let m = y + 5. Suppose -m*w + 118 = 38. What are the prime factors of w?
2, 5
Suppose -f + 163 = -0*f. Let z = -95 + f. What are the prime factors of z?
2, 17
Let r be 48/9 + (-2)/6. Suppose v + r = 7. Suppose -3*y = v - 11. What are the prime factors of y?
3
Let w(l) = l**3 + 9*l**2 - 8*l + 10. Suppose 2*c = 2*b - 6, -c - 2*b - 36 = 3*c. List the prime factors of w(c).
2, 41
Suppose 1 = -5*k + 21. Suppose 20 = p + k*p. Suppose 4*i - 124 = -p*r, -2*i = -2*r + 23 - 73. What are the prime factors of i?
2, 7
Let q be 1/((-56)/(-18) + -3) + 0. Let h(k) = 12*k + 42. What are the prime factors of h(q)?
2, 3, 5
Suppose 0 = -4*c - 4, 4*c - 1 - 7 = -4*f. Suppose 481 = 3*q + y, -f*y + 0*y = 5*q - 795. List the prime factors of q.
2, 3
Let p = 573 + -55. What are the prime factors of p?
2, 7, 37
Suppose -17068 - 9452 = -12*t. List the prime factors of t.
2, 5, 13, 17
Let w = 851 + 2610. What are the prime factors of w?
3461
Let z(t) = t**2 - 4*t - 51. List the prime factors of z(-19).
2, 193
Let r = -104 + 116. List the prime factors of 4/((-6)/404*r/(-9)).
2, 101
Suppose 4*m - 7*m = -9. Suppose 5*z - z = -4*k + 388, 3*k - m*z = 315. List the prime factors of k.
101
Let i(w) = -w**3 - 13*w**2 - 11*w + 6. Let g be i(-12). Let d be ((-69)/g)/((-2)/(-4)). Let l = d - 5. What are the prime factors of l?
2, 3
Let s be (-160)/10 + (-1 - -3). Let m = 18 + s. Suppose -3*x + 9 = t, -m*x = -t - 2*t + 1. List the prime factors of t.
3
Suppose -2*w = -4*r - 84, 5*w - 3*r - 253 = -29. Suppose 170 - w = 4*s. What are the prime factors of s?
31
Let q = 34 + -23. Suppose -5*s + 12 = x - q, -x - 4*s + 19 = 0. Suppose 2*a - 3*u = 27, -2*a - x*a = -3*u - 81. What are the prime factors of a?
2, 3
Let q(l) = -l + 9. Suppose 3*h + 28 = -4*h. Let b(d) = -d**3 - 5*d**2 + 2. Let r be b(h). List the prime factors of q(r).
23
Suppose -7*m = -9*m. Suppose 4*x - 2*x + 2 = m, 2 = 4*g + 2*x. What are the prime factors of (1/g)/((-7)/(-364))?
2, 13
Let r(t) = -t**2 + 3*t + 8. Let b be r(4). Suppose -3*p - 2*k + 477 = 0, 3*p = p - b*k + 310. What are the prime factors of p?
7, 23
Suppose 0 = 2*n + 3*f - 4733, 5*f + 60 - 35 = 0. What are the prime factors of n?
2, 1187
Let w = -199 + 468. Suppose -5*x = 5*p - 445, 5*p = 2*x - 5*x + w. List the prime factors of x.
2, 11
Let t = 93 - 91. Suppose 4*c - 600 = -5*k, 360 = t*k + k + 4*c. What are the prime factors of k?
2, 3, 5
Suppose -2*x = 3*b - 2, -x = 4*b + x - 6. Suppose -b*s + 25 = 9. Suppose 6 = -s*p + 6*p. What are the prime factors of p?
3
Suppose 0 = -2*r + 6*r - 8. Suppose 2*l - l = r. Suppose -4*c = -l*n, -n + 3 = 4*c - 3. What are the prime factors of n?
2
Let z(f) = -f**3 - 19*f**2 - 20*f + 11. Let u(y) = y**3 + 19*y**2 + 20*y - 12. Let r(v) = -5*u(v) - 4*z(v). List the prime factors of r(-18).
2, 13
Let y(d) = -4*d**3 - 26*d**2 - 20*d + 5. What are the prime factors of y(-10)?
3, 5, 107
Suppose 0 = 19*p - 23*p + 3904. List the prime factors of p.
2, 61
Let h be ((-56)/(-7))/(2/(-1)). What are the prime factors of (-4)/16 - (969/h - -2)?
2, 3, 5
Let k = -36 + 31. Let w(c) = c**3 + 9*c**2 - 3*c + 1. What are the prime factors of w(k)?
2, 29
Let a(i) be the third derivative of 17*i**5/120 + i**4/24 - 2*i**3 - 7*i**2. Let v(z) be the first derivative of a(z). What are the prime factors of v(1)?
2, 3
Let q = 19 - 16. Suppose q*h - 5*h = -78. Let n = h - -14. What are the prime factors of n?
53
Suppose 3*h - 31 = -19. Suppose -h*l + 282 + 314 = 0. What are the prime factors of l?
149
Suppose -6*g - 3*g + 6183 = 0. What are the prime factors of g?
3, 229
List the prime factors of 2/(6/1857*(-3)/(-6)).
2, 619
Suppose -4*v - x + 7800 = 3*x, 3*x = v - 1938. What are the prime factors of v?
3, 11, 59
Let l = -4 + 2. Let b be 3/(-18)*l*-6. List the prime factors of (1/b)/(2/(-68)).
17
Let c(t) = 2*t + 4. Let n be c(4). Let l be 1/(-1) + n/2. Suppose 33 - 178 = -l*x. List the prime factors of x.
29
Suppose 0 = 5*u - 2*d - 5 - 2, 2*u + 5*d = 26. Suppose -1 = n - f - 50, -15 = u*f. List the prime factors of n.
2, 11
Let m(p) = 6*p**3 - 3*p**2 - 4*p + 12. List the prime factors of m(3).
3, 5
Let n(p) = -3*p - 4. Let y be n(1). Let t(u) = -2 - 2*u**3 - 6*u**2 - 6 + u**3 + 3*u. What are the prime factors of t(y)?
2, 5
Let x(i) = i**2 - 11*i + 9. Let o be x(10). Let f = 10 - o. Suppose 45 = 4*a - f. List the prime factors of a.
2, 7
Let k(w) = -5 - 5 + 4 - 3*w. Let c = 15 + -23. List the prime factors of k(c).
2, 3
What are the prime factors of 1096 + 6/(-12)*12?
2, 5, 109
Let n = -17 + 25. Let d(j) = j**3 - 7*j**2 - 5*j - 1. Let x be d(n). List the prime factors of (-6)/(-2) + x + 8.
2, 17
Let c(s) = -s**3 + 2*s**2 + 2*s - 2. Let f be c(6). Let b = 201 + f. Let v = b + -34. List the prime factors of v.
3, 11
Suppose 0 = -2*l + 5*m + 289, 4*l + 4*m - m - 565 = 0. Suppose 814 - 144 = 5*w + 5*j, j + l = w. List the prime factors of w.
2, 3, 23
Let o = -3694 + 1903. What are the prime factors of (o/18)/(1/(-2))?
199
Suppose 315 = -3*i + 1590. What are the prime factors of i?
5, 17
Let r(g) = -g**2 - 142*g - 208. What are the prime factors of r(-45)?
4157
Suppose 0 = 2*t + 3*u + 24, 0*u - 4 = 4*t - 5*u. List the prime factors of (27 + t)/(2/4).
2, 3, 7
Suppose 5*u + 7*c - 190 = 2*c, -3*c - 159 = -4*u. Suppose -6*a - u = -9*a. List the prime factors of a.
13
Suppose 8 = -2*k - 8. List the prime factors of ((-18)/k)/(99/96 - 1).
2, 3
Let o = -16 - -9. Let s = o - -97. List the prime factors of s.
2, 3, 5
Let b = -109 - -63. Let d = -127 + 192. Let y = d + b. List the prime factors of y.
19
Suppose 2638 = 2*q + 2*m, -3*q + m + 2132 + 1817 = 0. List the prime factors of q.
3, 439
Let q(l) = -39*l - 124. What are the prime factors of q(-14)?
2, 211
Let a be 5 - 3*(139 + 2). Let d = a - -613. List the prime factors of d.
3, 5, 13
Let x(d) = d**2 + 10*d - 7. Let y be x(-11). Suppose -2*p + 14 = -y*z, 5*z + 5 = z + 5*p. Let k = z + 34. List the prime factors of k.
29
Let v(n) = 4*n**2 + 53*n - 98. What are the prime factors of v(-30)?
2, 239
Suppose -180 = -i + 3*w - 4, 0 = 2*i + 5*w - 352. List the prime factors of i.
2, 11
Let l = 38 - -30. Suppose 65*p = l*p - 492. What are the prime factors of p?
2, 41
Let m(p) = p - 1. Let g be m(5). What are the prime factors of g/(-1) + 3 - -25?
2, 3
Let v(g) = 4390*g**2 - 2*g + 1. What are the prime factors of v(1)?
3, 7, 11, 19
Let v be (-2)/(-18) + (-254)/18. Let r(y) = y**3 + 13*y**2 - 16*y + 4. List the prime factors of r(v).
2
Suppose 2*o = y + 5, o - 4 = -2*y + 1. Suppose 2*x - 4*n - 28 - 278 = 0, o*x = -4*n + 469. List the prime factors of x.
5, 31
Suppose -2*f + 5*u = 2*f - 197, 0 = -3*u - 15. Suppose a - f = -5*r, -2*r + 16 - 4 = 3*a. Suppose -r - 23 = -4*l. What are the prime factors of l?
2
What are the prime factors of 1/((0 - -1)/(273 - 16))?
257
Let r(s) = s + 17. Let b(q) = -2*q**2 + 3*q**2 + 2*q + 7 - 2*q**2 + 9*q. Let p be b(11). What are the prime factors of r(p)?
2, 3
Let d be (-106)/5*10/(-2). Suppose 12 = -3*b, 3*p - 3*b - 56 = -245